Let k(x) be the first derivative of y(x). What is k(6)?
1
Let x(n) be the second derivative of n**5/60 - n**4/3 + 3*n**3/2 - 137*n**2/2 + 5*n + 2. Let q(h) be the first derivative of x(h). Give q(6).
-3
Let r = 29415 + -29424. Let f(t) = 37*t + 345. What is f(r)?
12
Let x(k) = -3*k**2 - 22*k - 6. Suppose 433 = -208*c + 169*c + 82. Calculate x(c).
-51
Let j(p) = -28*p + 47 + 63 - 17*p + 28 + 58*p. Give j(-11).
-5
Let w = -5 - 2. Let m(s) be the first derivative of -2*s - 161 - 1/2*s**2. What is m(w)?
5
Let b = 14 + -12. Let u(c) = -75*c + 1. Let h(n) = -297*n - 6. Let s(y) = -h(y) + 4*u(y). Determine s(b).
4
Let m(w) be the first derivative of -w**4/3 + w**3/6 + w**2 + 45*w - 108. Let c(g) be the first derivative of m(g). Give c(2).
-12
Let g(n) = -2*n**2 - 7*n - 8. Suppose 5456 = -38*o + 54*o. Let l = 335 - o. Calculate g(l).
-38
Let n(g) = 35*g - 5. Suppose 2*z = 6*z + 5*d + 3, 2*d = 2. Calculate n(z).
-75
Suppose 5774*v = 5762*v + 24. Let z(w) = 4*w**3 + 2*w - 2. What is z(v)?
34
Suppose 9 = 2*t + 5*k, -10 = -t - k + 4*k. Let i(v) = -1 - 4*v - v**2 + 3*v**3 - 4*v + 17*v - t*v. Give i(1).
3
Let i(s) = -s**2 + s + 1. Let x(r) = -8*r + 2*r**2 - 8*r - 24*r**2 + 18*r**2 - 6. Let z(q) = 3*i(q) - x(q). Determine z(-18).
-9
Let q(x) be the first derivative of 3*x**2 + 44*x - 1547. Give q(-5).
14
Let i = -4799 - -4801. Let r(o) = -o**2 + 4. What is r(i)?
0
Let o(n) = n**3 + 8*n**2 - 69*n - 460. Let l be o(-6). Let g(f) = 2*f - 53. Give g(l).
-1
Suppose 12 = -44*c - 76. Let x(b) = -8*b**2 - 4*b + 1. Give x(c).
-23
Let u(i) be the first derivative of i**4/2 - 5*i**3/3 - 6*i**2 + 6*i + 76. Let t be u(4). Let o(j) = -j**2 + 4*j + 12. What is o(t)?
0
Let b(w) = -151*w + 760. Let h(p) = -21*p - 1528. Let x be h(-73). What is b(x)?
5
Let m = 1609 - 1605. Let v(c) be the second derivative of 0 - 1/20*c**5 - 2/3*c**3 - 1/2*c**m + 21*c - 5/2*c**2. Give v(-5).
-10
Let s(m) = 42*m**3 - 27*m**2 + 5*m - 12. Let n(f) = -71*f**3 + 46*f**2 - 8*f + 20. Let g(h) = -7*n(h) - 12*s(h). What is g(2)?
-52
Let r be 0/2 - ((-354)/(-59))/(3 - 5). Let x(t) = 6*t**3 + 2*t**2 - 1. Let q be x(1). Let z(g) = 5*g**2 - 4*g**r - 4*g**3 + q + 7*g**3 + 3*g. What is z(5)?
22
Let k(a) = a**3 - 8*a**2 - 84*a - 2. Let s be k(-8). Let v = -354 - s. Let l(x) = -x - 25. Determine l(v).
-25
Let y(m) be the third derivative of m**6/120 - 9*m**5/20 + 5*m**4/4 - 43*m**3/6 + 3228*m**2. Calculate y(26).
61
Let t(u) be the third derivative of 11*u**4/24 - u**3/6 + u**2. Let y = 118 + -119. Let x be 20/(4/y) + 4. Determine t(x).
-12
Let z(a) = 17*a + 256. Let s be (45/(-6))/(11/22). Determine z(s).
1
Let i(x) = 21*x + 136. Let m be i(-6). Let s(o) = 13*o**3 - 3 + m*o**2 - 17*o**3 + 3*o**3 - 8*o. What is s(9)?
6
Suppose -2*l - 15 = v, -3*v - 33 = 58*l - 54*l. Let g(x) = 2*x**2 + 11*x + 7. Determine g(l).
13
Suppose 12 = -5*u - 4*t, 3*u + 2*t + 6 = -t. Let k be 10*10/u + -14 + 12. Let o = k + 30. Let f(i) = 2*i**2 - 3*i - 4. Determine f(o).
5
Let t = -28/1545 - -421/6180. Let g(v) be the second derivative of 2/3*v**3 + 0 + t*v**5 - 5/12*v**4 - 3*v**2 - 18*v. Calculate g(5).
14
Let k(c) = 6*c + 5. Let m(v) = 8*v - 26. Let r(j) = k(j) - m(j). Calculate r(10).
11
Let z(x) be the first derivative of -65 + 4*x + 1/2*x**2. What is z(-5)?
-1
Let b(i) = 5*i + 15. Suppose 1 = d, 4*d - 39 = 2*f + d. Determine b(f).
-75
Suppose 50*g - 53*g + 2*k + 22 = 0, -29 = -3*g + k. Let r(f) = -f**2 + 12*f - 35. Give r(g).
-35
Suppose 5*h + 16 = -t, -4*t + 8 = -2*h + 4*h. Let d = h - 4. Let k(f) = 2*f - 43 - f + 15 + 13 + 17. Calculate k(d).
-6
Let p(u) = 3*u**3 - 4*u**2 + 6*u + 2. Let n(m) = 32*m**3 - 38*m**2 + 59*m + 25. Let c(r) = -2*n(r) + 21*p(r). Calculate c(-7).
-113
Let l(r) = -2*r + 3. Suppose 5*w = 3*z - 227, -w - 59 = -0*w - 4*z. Let n = w + 40. Let b = 2 - n. Give l(b).
-7
Suppose 3*w + 54 = 7*w + 2*i, 4*w = -i + 51. Let f be (-48)/15 + w/(-15). Let b(v) = -v**3 - 2*v**2 - v + 1. What is b(f)?
37
Let s(h) = -h. Let x(q) = -2*q - 1. Let v(g) = 4*s(g) - x(g). Let p(z) = -z**3 + 5*z**2 + 4*z - 4. Let a be p(6). Let n be (4/(-16))/(-1 - 20/a). What is v(n)?
3
Let q = 48 + -36. Let g(s) = 39 + 40 + s**2 - 77 - 3*s + q*s. Determine g(-8).
-6
Let h(l) be the first derivative of -l**3/2 + 3*l**2 - 16*l - 58. Let u(s) be the first derivative of h(s). Suppose 0 = r - 5 + 1. Give u(r).
-6
Let c = -96 - -100. Suppose 4*m - n = -27, -2*m - 1 = 5*n - c. Let s(q) = -2*q**3 + 9*q - q + 4 + q**3 - 5*q**2 + 3. Give s(m).
-5
Let z(p) = -5*p**2 - 12*p - 12. Let r(a) = 7*a**2 + 13*a + 11. Suppose 44 - 41 = -o. Let f(i) = o*z(i) - 2*r(i). What is f(-11)?
25
Let o(f) = -11*f + 26. Let q(p) = 25*p - 52. Let b(x) = 9*o(x) + 4*q(x). Let r = -1075 - -1059. Give b(r).
10
Suppose 10 = 3*o - 5. Suppose -o*g = -n - 20, 0 = -2*n + 5*g - 0 - 25. Let b(r) = -r - 1. Let f(l) = 6*l + 6. Let h(q) = 5*b(q) + f(q). Calculate h(n).
-4
Let k(u) = -16*u + 10. Let h(b) = 31*b - 19. Let r(p) = 6*h(p) + 11*k(p). Let g(x) = -7*x + 3. Let w(s) = -7*g(s) - 5*r(s). What is w(-4)?
3
Let y(u) = u**3 + 5*u**2 - u - 6. Let x = -346 + 361. Suppose x = 2*d + 5*l, -3*d = -0*l - l + 20. Calculate y(d).
-1
Let o(b) be the second derivative of -7/6*b**3 + 11*b - b**2 + 2 - 1/6*b**4. Determine o(-5).
-17
Let l(c) = -2*c**3 - 2*c**2 - 12*c - 17. Suppose -5*u + 88 - 43 = -5*z, -z = 4*u - 26. Give l(z).
15
Let y(m) = -2123*m + 1069*m + 3 + 1056*m - 26*m**2. Calculate y(2).
-97
Let o(a) be the third derivative of 13*a**4/24 - 2*a**3/3 - 339*a**2 + a - 6. What is o(2)?
22
Let b(k) = 2*k**3 + 31*k**2 + 15*k + 6. Let y be b(-15). Suppose y*o - 64 = -2*o. Let q(p) = p**2 - 9*p - 5. Calculate q(o).
-13
Let j = 8 - 6. Let a(c) = 3 - 124*c + 23*c + 30*c + 29*c + 36*c. Calculate a(j).
-9
Let o be ((-1)/(-2))/(2/(-76)) + 7. Let i(h) = h**3 + 14*h**2 + 25*h - 16. What is i(o)?
-28
Let o(k) = -k - 15. Let b(x) = 6*x + 117. Let h(z) = -b(z) - 9*o(z). What is h(-5)?
3
Suppose -2*l - 2 = 5*i - 51, -5*i + l + 58 = 0. Suppose 2 = x + i. Let m(f) = -f**3 - 8*f**2 + 9*f - 4. Determine m(x).
-4
Suppose 246*d - 242*d + 16 = 0. Let g be (-35)/d - (612/48 + -14). Let c(j) = -j**3 + 10*j**2 + 7*j - 12. What is c(g)?
58
Suppose 2*i = i + 5. Let g be (-2*(-12)/30)/(6/15). Let z(d) = 5 - d**g - 40*d + 23*d + 19*d. What is z(i)?
-10
Let o(b) be the first derivative of b**4/12 - b**2/2 + 42*b + 13. Let m(n) be the first derivative of o(n). What is m(2)?
3
Let h(n) = 10*n**2 + 37*n - 4. Let u be h(-4). Let b(i) = 2*i - 11 - i + i. Calculate b(u).
5
Let g be (6 - (-3 - (-4 + 13))) + 6. Let q be (108/g - 4)/((-1)/14). Let l(p) = -p**3 - 6*p**2 + 7*p - 2. Calculate l(q).
-2
Let b(z) = -z**2 + 25*z - 42. Let n(x) = 70*x + 2055. Let l be n(-29). Determine b(l).
-42
Let c(n) = 2 + 4 - 3*n + 1 - 1. Suppose -4*t - 5*y + 385 - 44 = 0, -279 = -3*t + 4*y. Let b = t - 83. Give c(b).
-12
Let u(t) = -23*t**3 + 2*t - 1. Let i be (-2 - 0)*(-22)/4. Suppose 5*g + 6*h - 30 = h, -g + 5*h = 6. Suppose -w = -2*a + 3, -5*a + i = -g*w + 5*w. What is u(w)?
-22
Let u(k) = -8*k - 4. Let z = -28428 - -28436. Calculate u(z).
-68
Let d(f) = -f**3 + 4*f**2 - 890*f + 19 + 1783*f - 15 - 888*f. Give d(5).
4
Let r(l) be the second derivative of 5*l**3/6 - 3*l**2/2 - 12*l + 21. Suppose 0 = 3*u - 4 - 2. Give r(u).
7
Let b(w) = 6*w**2 + 328*w - 116. Let f(z) = 5*z**2 + 278*z - 114. Let x(g) = -6*b(g) + 7*f(g). What is x(-14)?
10
Let f(h) = 3*h + 27*h**2 + 14*h - h**3 + 32*h**2 + 2 - 15*h**2 - 39*h**2. Calculate f(8).
-54
Let m(j) = -2*j - 35. Let x(u) = 11*u**2 - 501*u + 748. Let o be x(44). Give m(o).
-35
Let q(t) = -1 + 1615*t**3 - 791*t**3 + 3*t - 826*t**3 - 2*t**2. Determine q(-3).
26
Suppose -53*f + 52*f - 59 = -6*b, -3*f = 15. Let p(u) = -u**2 + 11*u - 10. Calculate p(b).
8
Let b(f) = f**2 + 8*f + 3. Suppose -6*g + g = 20, 0 = -2*q - g + 56. Suppose 6*j - 4*j - 3*z + q = 0, 5*j - 5*z = -65. Determine b(j).
12
Let u(h) = -15*h + 83*h**2 - 324*h**2 + 85*h**2 + 78*h**2 + 13 + 80*h**2. What is u(7)?
6
Let d be (1/(-1))/((-4)/404). Let s = d - 96. Suppose -7*g = -s*g. Let y(h) = h**2 + 28. Give y(g).
28
Let p(w) = w**3 + 4*w**2 - 7*w + 2. Suppose 3*n + 13*n = -64. Let c be (56/84)/(n/30). Give p(c).
12
Let y(p) = p**2 + 2*p - 3. Let n be (2 - (4 + -2))/2. Suppose 0 = 4*z + 5*h + 30, 2*z - 6*h + 9*h + 16 = n. Give y(z).
12
Let y(f) = 13*